{"id":5,"date":"2012-03-22T10:47:25","date_gmt":"2012-03-22T10:47:25","guid":{"rendered":"http:\/\/vyrobniky.cz\/?page_id=5"},"modified":"2020-01-21T16:42:19","modified_gmt":"2020-01-21T16:42:19","slug":"efektove-vyrobniky","status":"publish","type":"page","link":"https:\/\/www.vyrobniky.cz\/","title":{"rendered":"Efektov\u00e9 v\u00fdrobn\u00edky"},"content":{"rendered":"<p>Jste po\u0159adatelem nejr\u016fzn\u011bj\u0161\u00edch p\u00e1rty, divadeln\u00edch p\u0159edstaven\u00ed, koncert\u016f nebo zkr\u00e1tka majitelem n\u011bkter\u00e9ho z\u00a0hudebn\u00edch \u010di z\u00e1bavn\u00edch klub\u016f?<\/p>\n<p>Chcete-li dodat akc\u00edm, kter\u00e9 po\u0159\u00e1d\u00e1te n\u00e1dech \u010dehosi neoby\u010dejn\u00e9ho, \u010d\u00edm se budete li\u0161it od konkurence, hled\u00e1te na spr\u00e1vn\u00e9 adrese. Kvalitn\u00ed ozvu\u010den\u00ed, dobr\u00e1 hudba a vkusn\u011b vybran\u00e1 sv\u011bteln\u00e1 technika jsou bezesporu d\u016fle\u017eit\u00fdmi aspekty ka\u017ed\u00e9 z\u00e1bavn\u00ed \u010di kulturn\u00ed akce. Jen\u017ee v\u00a0dne\u0161n\u00ed dob\u011b u\u017e se v\u00a0p\u0159\u00edpad\u011b v\u011bt\u0161\u00edch po\u0159adatel\u016f jedn\u00e1 prakticky o samoz\u0159ejmou v\u011bc.<\/p>\n<p>Pokud m\u00e1te z\u00e1jem si sv\u00e9 n\u00e1v\u0161t\u011bvn\u00edky udr\u017eet, zaujmout je n\u011b\u010d\u00edm nov\u00fdm a z\u00e1rove\u0148 p\u0159il\u00e1kat dal\u0161\u00ed a dal\u0161\u00ed, prom\u011b\u0148te b\u011b\u017en\u00e9 akce v\u00a0nev\u0161edn\u00ed z\u00e1\u017eitek.<\/p>\n<p><strong>Efektov\u00e9 v\u00fdrobn\u00edky<\/strong>, a\u0165 u\u017e se jedn\u00e1 o <span style=\"color: #ff9900;\"><a title=\"v\u00fdrobn\u00edky bublin\" href=\"http:\/\/www.vyrobniky.cz\/?page_id=11\"><span style=\"color: #ff9900;\"><strong>v\u00fdrobn\u00edky bublin<\/strong><\/span><\/a><\/span>, <strong><span style=\"color: #ff9900;\"><a title=\"v\u00fdrobn\u00edky sn\u011bhu\" href=\"http:\/\/www.vyrobniky.cz\/?page_id=9\"><span style=\"color: #ff9900;\">um\u011bl\u00e9ho sn\u011bhu<\/span><\/a><\/span>, <span style=\"color: #ff9900;\"><a title=\"v\u00fdrobn\u00edky mlhy\" href=\"http:\/\/www.vyrobniky.cz\/?page_id=13\"><span style=\"color: #ff9900;\">mlhy<\/span><\/a><\/span><\/strong> \u010di <span style=\"color: #ff9900;\"><a title=\"v\u00fdrobn\u00edky kou\u0159e\" href=\"http:\/\/www.vyrobniky.cz\/?page_id=7\"><span style=\"color: #ff9900;\"><strong>kou\u0159e<\/strong><\/span><\/a><\/span> to dovedou opravdu v\u00fdte\u010dn\u011b.<\/p>\n<p>Snad v\u0161ichni jsme m\u011bli r\u00e1di klasick\u00fd d\u011btsk\u00fd <strong>bublifuk<\/strong>. Ne\u0159\u00edkejte, \u017ee byste si \u010das od \u010dasu i Vy sami, pokud byste byli v\u00a0k\u016f\u017ei n\u00e1v\u0161t\u011bvn\u00edk\u016f, necht\u011bli zopakovat hravou z\u00e1bavu uprost\u0159ed z\u00e1plavy ob\u0159\u00edch i men\u0161\u00edch, poletuj\u00edc\u00edch m\u00fddlov\u00fdch bublin. <a title=\"bublinov\u00e9 v\u00fdrobn\u00edky bublin\" href=\"http:\/\/www.disco-shop.cz\/disco\/eshop\/4-1-efektove-vyrobniky\/18-2-Snehu-a-bublin\" target=\"_blank\" rel=\"noopener noreferrer\"><strong>Bublinov\u00e9 v\u00fdrobn\u00edky<\/strong><\/a> b\u00fdvaj\u00ed velmi obl\u00edben\u00e9 u\u017e z\u00a0toho d\u016fvodu, \u017ee krom\u011b estetick\u00e9ho zpest\u0159en\u00ed a o\u017eiven\u00ed tak\u00e9 inspiruj\u00ed k\u00a0mnoha dal\u0161\u00edm form\u00e1m spole\u010densk\u00e9 z\u00e1bavy, do n\u00ed\u017e se zapoj\u00ed mnoho n\u00e1v\u0161t\u011bvn\u00edk\u016f najednou \u2013 mohou to b\u00fdt nejr\u016fzn\u011bj\u0161\u00ed sout\u011b\u017ee \u010di z\u00e1pasy, z\u00e1m\u011brn\u00e9 prask\u00e1n\u00ed bublin a podobn\u011b.<\/p>\n<p>Speci\u00e1ln\u00ed um\u011bl\u00fd sn\u00edh, je\u017e V\u00e1m zajist\u00ed <strong>sn\u011bhov\u00e9 v\u00fdrobn\u00edky<\/strong> najde perfektn\u00ed uplatn\u011bn\u00ed na divadeln\u00edch prknech. Tak\u00e9 na Va\u0161\u00ed p\u00e1rty se ale stane v\u00fdte\u010dn\u00fdm a zcela origin\u00e1ln\u00edm zpest\u0159en\u00edm \u2013 a\u0165 u\u017e po\u0159\u00e1d\u00e1te akci pod \u0161ir\u00fdm nebem za parn\u00e9ho l\u00e9ta a chcete hosty ohromit n\u00e1hlou n\u00e1v\u0161t\u011bvou zimy nebo byste r\u00e1di dodali ten spr\u00e1vn\u00fd r\u00e1z v\u00e1no\u010dn\u00edmu ve\u010d\u00edrku konan\u00e9mu v\u00a0interi\u00e9ru.<\/p>\n<p><a title=\"v\u00fdrobn\u00edky sn\u011bhu\" href=\"http:\/\/www.disco-shop.cz\/disco\/eshop\/4-1-efektove-vyrobniky\/18-2-Snehu-a-bublin\" target=\"_blank\" rel=\"noopener noreferrer\"><strong>V\u00fdrobn\u00edky sn\u011bhu<\/strong><\/a> mohou ocenit tak\u00e9 po\u0159adatel\u00e9 koncert\u016f nebo samotn\u00ed hudebn\u00edci, kte\u0159\u00ed se nap\u0159\u00edklad vydali na v\u00e1no\u010dn\u00ed turn\u00e9. Sn\u00edh, kter\u00fd v\u00fdrobn\u00edky produkuj\u00ed nen\u00ed sn\u011bhem v\u00a0prav\u00e9m slova smyslu \u2013 jedn\u00e1 se o speci\u00e1ln\u00ed um\u011blou p\u011bnu, kter\u00e1 je za\u0159\u00edzen\u00edm rozfouk\u00e1v\u00e1na po drobn\u00fdch vlo\u010dk\u00e1ch cel\u00fdm prostorem a p\u0159in\u00e1\u0161\u00ed tak velmi autentick\u00fd efekt skute\u010dn\u00e9ho sn\u011b\u017een\u00ed. M\u016f\u017eete jej rovn\u011b\u017e pohodln\u011b zav\u011bsit do v\u00fd\u0161ky tak, aby se sn\u00edh sn\u00e1\u0161el shora.<\/p>\n<p>Podobn\u011b jako u v\u00fdrobn\u00edk\u016f p\u011bny \u010di bublin se ani v\u00a0p\u0159\u00edpad\u011b um\u011bl\u00e9ho sn\u011bhu nemus\u00edte ob\u00e1vat, \u017ee by obsa\u017een\u00e9 l\u00e1tky byly zdravotn\u011b z\u00e1vadn\u00e9 anebo zanech\u00e1valy stopy na n\u00e1bytku, podlaze \u010di oble\u010den\u00ed host\u016f. Vlo\u010dky um\u011bl\u00e9 p\u011bny imituj\u00edc\u00ed sn\u00edh se postupn\u011b rozplynou, ani\u017e by vytv\u00e1\u0159ely jak\u00e9koli skvrny.<\/p>\n\n\t\t<style type=\"text\/css\">\n\t\t\t#gallery-1 {\n\t\t\t\tmargin: auto;\n\t\t\t}\n\t\t\t#gallery-1 .gallery-item {\n\t\t\t\tfloat: left;\n\t\t\t\tmargin-top: 10px;\n\t\t\t\ttext-align: center;\n\t\t\t\twidth: 33%;\n\t\t\t}\n\t\t\t#gallery-1 img {\n\t\t\t\tborder: 2px solid #cfcfcf;\n\t\t\t}\n\t\t\t#gallery-1 .gallery-caption {\n\t\t\t\tmargin-left: 0;\n\t\t\t}\n\t\t\t\/* see gallery_shortcode() in wp-includes\/media.php *\/\n\t\t<\/style>\n\t\t<div id='gallery-1' class='gallery galleryid-5 gallery-columns-3 gallery-size-thumbnail'><dl class='gallery-item'>\n\t\t\t<dt class='gallery-icon landscape'>\n\t\t\t\t<a href='https:\/\/vyrobniky.cz\/wp-content\/uploads\/51702663m1.jpg'><img width=\"150\" height=\"150\" src=\"https:\/\/vyrobniky.cz\/wp-content\/uploads\/51702663m1-150x150.jpg\" class=\"attachment-thumbnail size-thumbnail\" alt=\"\" decoding=\"async\" loading=\"lazy\" \/><\/a>\n\t\t\t<\/dt><\/dl><dl class='gallery-item'>\n\t\t\t<dt class='gallery-icon landscape'>\n\t\t\t\t<a href='https:\/\/vyrobniky.cz\/wp-content\/uploads\/5170195B.jpg'><img width=\"150\" height=\"150\" src=\"https:\/\/vyrobniky.cz\/wp-content\/uploads\/5170195B-150x150.jpg\" class=\"attachment-thumbnail size-thumbnail\" alt=\"\" decoding=\"async\" loading=\"lazy\" \/><\/a>\n\t\t\t<\/dt><\/dl><dl class='gallery-item'>\n\t\t\t<dt class='gallery-icon landscape'>\n\t\t\t\t<a href='https:\/\/vyrobniky.cz\/wp-content\/uploads\/51702923_02.jpg'><img width=\"150\" height=\"150\" src=\"https:\/\/vyrobniky.cz\/wp-content\/uploads\/51702923_02-150x150.jpg\" class=\"attachment-thumbnail size-thumbnail\" alt=\"\" decoding=\"async\" loading=\"lazy\" \/><\/a>\n\t\t\t<\/dt><\/dl><br style=\"clear: both\" \/><dl class='gallery-item'>\n\t\t\t<dt class='gallery-icon landscape'>\n\t\t\t\t<a href='https:\/\/vyrobniky.cz\/wp-content\/uploads\/SK1604361.jpg'><img width=\"150\" height=\"150\" src=\"https:\/\/vyrobniky.cz\/wp-content\/uploads\/SK1604361-150x150.jpg\" class=\"attachment-thumbnail size-thumbnail\" alt=\"\" decoding=\"async\" loading=\"lazy\" \/><\/a>\n\t\t\t<\/dt><\/dl><dl class='gallery-item'>\n\t\t\t<dt class='gallery-icon landscape'>\n\t\t\t\t<a href='https:\/\/vyrobniky.cz\/wp-content\/uploads\/51705100_021.jpg'><img width=\"150\" height=\"150\" src=\"https:\/\/vyrobniky.cz\/wp-content\/uploads\/51705100_021-150x150.jpg\" class=\"attachment-thumbnail size-thumbnail\" alt=\"\" decoding=\"async\" loading=\"lazy\" \/><\/a>\n\t\t\t<\/dt><\/dl><dl class='gallery-item'>\n\t\t\t<dt class='gallery-icon landscape'>\n\t\t\t\t<a href='https:\/\/vyrobniky.cz\/wp-content\/uploads\/51705101_01.jpg'><img width=\"150\" height=\"150\" src=\"https:\/\/vyrobniky.cz\/wp-content\/uploads\/51705101_01-150x150.jpg\" class=\"attachment-thumbnail size-thumbnail\" alt=\"\" decoding=\"async\" loading=\"lazy\" \/><\/a>\n\t\t\t<\/dt><\/dl><br style=\"clear: both\" \/><dl class='gallery-item'>\n\t\t\t<dt class='gallery-icon landscape'>\n\t\t\t\t<a href='https:\/\/vyrobniky.cz\/wp-content\/uploads\/SA1605641.jpg'><img width=\"150\" height=\"150\" src=\"https:\/\/vyrobniky.cz\/wp-content\/uploads\/SA1605641-150x150.jpg\" class=\"attachment-thumbnail size-thumbnail\" alt=\"\" decoding=\"async\" loading=\"lazy\" \/><\/a>\n\t\t\t<\/dt><\/dl><dl class='gallery-item'>\n\t\t\t<dt class='gallery-icon landscape'>\n\t\t\t\t<a href='https:\/\/vyrobniky.cz\/wp-content\/uploads\/51706320.jpg'><img width=\"150\" height=\"150\" src=\"https:\/\/vyrobniky.cz\/wp-content\/uploads\/51706320-150x150.jpg\" class=\"attachment-thumbnail size-thumbnail\" alt=\"\" decoding=\"async\" loading=\"lazy\" \/><\/a>\n\t\t\t<\/dt><\/dl><dl class='gallery-item'>\n\t\t\t<dt class='gallery-icon landscape'>\n\t\t\t\t<a href='https:\/\/vyrobniky.cz\/wp-content\/uploads\/51707702_09.jpg'><img width=\"150\" height=\"150\" src=\"https:\/\/vyrobniky.cz\/wp-content\/uploads\/51707702_09-150x150.jpg\" class=\"attachment-thumbnail size-thumbnail\" alt=\"\" decoding=\"async\" loading=\"lazy\" \/><\/a>\n\t\t\t<\/dt><\/dl><br style=\"clear: both\" \/>\n\t\t<\/div>\n\n<p>Dal\u0161\u00ed, nem\u00e9n\u011b obl\u00edbenou kategorii pak tvo\u0159\u00ed <span style=\"color: #000000;\"><a title=\"efektov\u00e9 v\u00fdrobn\u00edky mlhy\" href=\"http:\/\/www.disco-shop.cz\/disco\/eshop\/4-1-efektove-vyrobniky\/17-2-Mlhy-koure\" target=\"_blank\" rel=\"noopener noreferrer\"><span style=\"color: #000000;\"><strong>v\u00fdrobn\u00edky mlhy<\/strong><\/span><\/a><\/span> a kou\u0159e. Ty standardn\u011b nach\u00e1zej\u00ed obrovsk\u00e9 uplatn\u011bn\u00ed na prknech divadel a u dal\u0161\u00edch po\u0159adatel\u016f divadeln\u00edch p\u0159edstaven\u00ed, kde jsou vedle dal\u0161\u00ed jevi\u0161tn\u00ed techniky prakticky nutnost\u00ed. Mimo vizu\u00e1ln\u00edho p\u016fsoben\u00ed a efektu tajemna m\u00edv\u00e1 um\u011bl\u00e1 mlha, p\u0159\u00edpadn\u011b kou\u0159 rovn\u011b\u017e funkci praktickou \u2013 mnohdy pom\u00e1h\u00e1 zakr\u00fdt alespo\u0148 spodn\u00ed \u010d\u00e1st jevi\u0161t\u011b a na n\u011bkolik okam\u017eik\u016f tak zamaskovat p\u0159em\u00edst\u011bn\u00ed \u010di \u00fapravy rekvizit.<\/p>\n<p><strong>Mlhov\u00e9 v\u00fdrobn\u00edky<\/strong>, podobn\u011b jako <strong>v\u00fdrobn\u00edky kou\u0159e<\/strong> lze v\u00fdborn\u011b kombinovat s\u00a0nejr\u016fzn\u011bj\u0161\u00ed sv\u011btelnou technikou, kter\u00e1 zajist\u00ed jejich efektn\u00ed nasv\u00edcen\u00ed a p\u0159inese tak je\u0161t\u011b velkolep\u011bj\u0161\u00ed vizu\u00e1ln\u00ed efekt. Tyto \u00fapravy se uplatn\u00ed zejm\u00e9na na nejr\u016fzn\u011bj\u0161\u00edch z\u00e1bavn\u00edch p\u00e1rty, kde nese um\u011bl\u00e1 mlha \u010di kou\u0159 funkci jak\u00e9hosi zpest\u0159en\u00ed.<\/p>\n<p><strong><a title=\"v\u00fdrobn\u00edky kou\u0159e\" href=\"http:\/\/www.disco-shop.cz\/disco\/eshop\/4-1-efektove-vyrobniky\/17-2-Mlhy-koure\" target=\"_blank\" rel=\"noopener noreferrer\">Kou\u0159ov\u00e9 v\u00fdrobn\u00edky<\/a>\u00a0 <\/strong>zpravidla produkuj\u00ed ochlazen\u00fd kou\u0159, kter\u00fd se p\u0159irozen\u011b dr\u017e\u00ed p\u0159i zemi. Postupn\u00fdm oh\u0159\u00edv\u00e1n\u00edm se pak p\u0159irozen\u011b rozplyne. Podobn\u011b je tomu i v\u00a0p\u0159\u00edpad\u011b um\u011bl\u00e9 mlhy.<\/p>\n<p>Z\u00a0\u0161irok\u00e9 nab\u00eddky m\u00e1te mo\u017enost vyb\u00edrat jak \u0161pi\u010dkov\u00e1 za\u0159\u00edzen\u00ed, kter\u00e1 bohat\u011b spln\u00ed i po\u017eadavky n\u00e1ro\u010dn\u00fdch profesion\u00e1l\u016f, tak i cenov\u011b dostupn\u011bj\u0161\u00ed v\u00fdrobn\u00edky, je\u017e najdou uplatn\u011bn\u00ed u drobn\u011bj\u0161\u00edch podnikatel\u016f \u010di laick\u00fdch po\u0159adatel\u016f soukrom\u00fdch party.<\/p>\n<p>V\u0161echny efektov\u00e9 v\u00fdrobn\u00edky, a\u0165 u\u017e se jedn\u00e1 o za\u0159\u00edzen\u00ed produkuj\u00edc\u00ed <strong>um\u011bl\u00fd sn\u00edh, bubliny, mlhu \u010di kou\u0159<\/strong>, se vyzna\u010duj\u00ed velmi snadnou instalac\u00ed a rovn\u011b\u017e jednoduch\u00fdm ovl\u00e1d\u00e1n\u00edm. P\u0159ed uveden\u00edm za\u0159\u00edzen\u00ed do provozu je t\u0159eba naplnit n\u00e1dr\u017e speci\u00e1ln\u00ed n\u00e1pln\u00ed a v\u00fdrobn\u00edk nab\u00edt energi\u00ed za pomoci nap\u00e1jec\u00edho kabelu. Pot\u00e9, co je za\u0159\u00edzen\u00ed kompletn\u011b nabito jej m\u016f\u017eete op\u011bt odpojit a pln\u011b vyu\u017e\u00edvat jeho mobility.<\/p>\n<p>Co se pak t\u00fd\u010de samotn\u00e9 obsluhy v\u00fdrobn\u00edk\u016f, n\u011bkter\u00e9 z\u00a0velmi kvalitn\u00edch model\u016f rovnou disponuj\u00ed DMX ovlada\u010dem, kter\u00fd je sou\u010d\u00e1st\u00ed balen\u00ed, dal\u0161\u00ed jsou pak s\u00a0DMX ovlada\u010di kompatibiln\u00ed. Standardem v\u0161ech v\u00fdrobn\u00edk\u016f, v\u010detn\u011b t\u011bch cenov\u011b dostupn\u011bj\u0161\u00edch je potom klasick\u00e9 d\u00e1lkov\u00e9 ovl\u00e1d\u00e1n\u00ed.<\/p>\n<p>N\u00e1pln\u011b do v\u00fdrobn\u00edk\u016f mlhy, kou\u0159e, bublin \u010di sn\u011bhu m\u016f\u017eete v\u00a0<a title=\"sv\u011bteln\u00e1 a zvukov\u00e1 technika\" href=\"http:\/\/www.disco-shop.cz\" target=\"_blank\" rel=\"noopener noreferrer\">Disco shopu<\/a> zakoupit jak samostatn\u011b, tak i spolu s\u00a0nov\u00fdm v\u00fdrobn\u00edkem. Ve\u0161ker\u00e9 n\u00e1pln\u011b v\u00a0nab\u00eddce jsou zdravotn\u011b nez\u00e1vadn\u00e9 a nezanech\u00e1vaj\u00ed \u017e\u00e1dn\u00e9 viditeln\u00e9 stopy nap\u0159\u00edklad na n\u00e1bytku, podlaze ani oble\u010den\u00ed \u00fa\u010dastn\u00edk\u016f. V\u00a0nab\u00eddce najdete rovn\u011b\u017e takov\u00e9 n\u00e1pln\u011b, kter\u00e9 jsou dopln\u011bny o speci\u00e1ln\u00ed slo\u017eku, je\u017e pom\u00e1h\u00e1 udr\u017eovat del\u0161\u00ed \u017eivotnost efektov\u00e9ho v\u00fdrobn\u00edku.<\/p>\n<p>Dal\u0161\u00ed specialitu pak tvo\u0159\u00ed nap\u0159\u00edklad n\u011bkter\u00e9 n\u00e1pln\u011b do bublifuk\u016f, je\u017e dok\u00e1\u017e\u00ed vytv\u00e1\u0159et takov\u00e9 fantastick\u00e9 bubliny, kter\u00e9 po nasv\u00edcen\u00ed <a title=\"UV osv\u011btlen\u00ed\" href=\"http:\/\/www.uvosvetleni.cz\/\" target=\"_blank\" rel=\"noopener noreferrer\">UV sv\u011bteln\u00fdm<\/a> zdrojem barevn\u011b sv\u011bt\u00e9lkuj\u00ed. V\u011bt\u0161ina n\u00e1pln\u00ed do efektov\u00fdch v\u00fdrobn\u00edk\u016f dan\u00e9ho typu je univerz\u00e1ln\u00ed, u jin\u00fdch je doporu\u010dena kombinace s\u00a0konkr\u00e9tn\u00ed zna\u010dkou v\u00fdrobn\u00edku.<\/p>\n<p>Na tuzemsk\u00e9m trhu se setk\u00e1te s\u00a0celou \u0159adou nejr\u016fzn\u011bj\u0161\u00edch v\u00fdrobn\u00edk\u016f z\u00a0d\u00edlen odli\u0161n\u00fdch v\u00fdrobc\u016f. My V\u00e1m m\u016f\u017eeme bez obav doporu\u010dit p\u0159edev\u0161\u00edm v\u00fdrobn\u00edky osv\u011bd\u010den\u00fdch zna\u010dek <strong>Antari<\/strong>, <strong>Eurolite <\/strong>nebo <strong>Skytec<\/strong>, chybu ale neud\u011bl\u00e1te ani v\u00a0p\u0159\u00edpad\u011b v\u00fdb\u011bru v\u00fdrobn\u00edku z\u00a0d\u00edlny firem QTX nebo Look.<\/p>\n<p>Pro p\u0159\u00edpad, \u017ee by V\u00e1m k\u00a0Va\u0161emu <strong>efektov\u00e9mu v\u00fdrobn\u00edk\u016f<\/strong> je\u0161t\u011b cokoli chyb\u011blo, p\u0159ipravili jsme v\u00a0Disco shopu rovn\u011b\u017e speci\u00e1ln\u00ed kategorii p\u0159\u00edslu\u0161enstv\u00ed a dopl\u0148k\u016f. Zde po\u0159\u00edd\u00edte nejr\u016fzn\u011bj\u0161\u00ed speci\u00e1ln\u00ed ovlada\u010de, konektory, kontroln\u00ed moduly \u010di p\u0159epravn\u00ed kufry k\u00a0efektov\u00fdm v\u00fdrobn\u00edk\u016fm \u2013 zkr\u00e1tka v\u0161e, co by V\u00e1m je\u0161t\u011b mohlo chyb\u011bt k\u00a0uspo\u0159\u00e1d\u00e1n\u00ed skute\u010dn\u011b velkolep\u00e9 show!<\/p>\n<p>Pokud jste p\u0159\u00edznivcem nov\u00fdch technologi\u00ed, pak v\u00e1s jist\u011b zaujme mo\u017enost v\u00fdroby plaziv\u00e9 mlhy<a href=\"http:\/\/www.vyrobniky.cz\/?page_id=151\"> pomoc\u00ed ultrazvuku<\/a>.<\/p>\n<p>&nbsp;<\/p>\n<h2>Kde efektov\u00e9 v\u00fdrobn\u00edky zakoupit?<\/h2>\n<p>Doru\u010dujeme pouze specializovan\u00e9 prodejce sv\u011bteln\u00e9, zvukov\u00e9 show techniky. Jedn\u00edm z nejv\u011bt\u0161\u00edch prodejc\u016f s \u0161irokou nab\u00eddkou efektov\u00fdch v\u00fdrobn\u00edk\u016f a p\u0159\u00edslu\u0161enstv\u00ed\u00a0 je <strong><a title=\"efektov\u00e9 v\u00fdrobn\u00edky\" href=\"http:\/\/www.disco-shop.cz\/disco\/eshop\/4-1-efektove-vyrobniky\" target=\"_blank\" rel=\"noopener noreferrer\">DISCO-SHOP.CZ<\/a><\/strong>. Pro v\u0161echny typy v\u00fdrobn\u00edk\u016f doporu\u010dujeme kvalitn\u00ed p\u0159\u00edvodn\u00ed a <a title=\"prodlu\u017eovac\u00ed kabely\" href=\"http:\/\/www.elektromaterial-shop.cz\/elektroinstalace\/eshop\/2-1-KABELY-NAPAJECI\/7-2-Prodluzovaci-kabely-230V\" target=\"_blank\" rel=\"noopener noreferrer\">prodlu\u017eovac\u00ed kabely<\/a> nap\u00e1jen\u00ed.<\/p>\n","protected":false},"excerpt":{"rendered":"<p>Jste po\u0159adatelem nejr\u016fzn\u011bj\u0161\u00edch p\u00e1rty, divadeln\u00edch p\u0159edstaven\u00ed, koncert\u016f nebo zkr\u00e1tka majitelem n\u011bkter\u00e9ho z\u00a0hudebn\u00edch \u010di z\u00e1bavn\u00edch klub\u016f? Chcete-li dodat akc\u00edm, kter\u00e9 po\u0159\u00e1d\u00e1te n\u00e1dech \u010dehosi neoby\u010dejn\u00e9ho, \u010d\u00edm se budete li\u0161it od konkurence, hled\u00e1te na spr\u00e1vn\u00e9 adrese. Kvalitn\u00ed ozvu\u010den\u00ed, dobr\u00e1 hudba a vkusn\u011b vybran\u00e1 sv\u011bteln\u00e1 technika jsou bezesporu d\u016fle\u017eit\u00fdmi aspekty ka\u017ed\u00e9 z\u00e1bavn\u00ed \u010di kulturn\u00ed akce. Jen\u017ee v\u00a0dne\u0161n\u00ed dob\u011b u\u017e [&hellip;]<\/p>\n","protected":false},"author":1,"featured_media":0,"parent":0,"menu_order":40,"comment_status":"closed","ping_status":"closed","template":"","meta":[],"aioseo_notices":[],"_links":{"self":[{"href":"https:\/\/www.vyrobniky.cz\/index.php?rest_route=\/wp\/v2\/pages\/5"}],"collection":[{"href":"https:\/\/www.vyrobniky.cz\/index.php?rest_route=\/wp\/v2\/pages"}],"about":[{"href":"https:\/\/www.vyrobniky.cz\/index.php?rest_route=\/wp\/v2\/types\/page"}],"author":[{"embeddable":true,"href":"https:\/\/www.vyrobniky.cz\/index.php?rest_route=\/wp\/v2\/users\/1"}],"replies":[{"embeddable":true,"href":"https:\/\/www.vyrobniky.cz\/index.php?rest_route=%2Fwp%2Fv2%2Fcomments&post=5"}],"version-history":[{"count":13,"href":"https:\/\/www.vyrobniky.cz\/index.php?rest_route=\/wp\/v2\/pages\/5\/revisions"}],"predecessor-version":[{"id":156,"href":"https:\/\/www.vyrobniky.cz\/index.php?rest_route=\/wp\/v2\/pages\/5\/revisions\/156"}],"wp:attachment":[{"href":"https:\/\/www.vyrobniky.cz\/index.php?rest_route=%2Fwp%2Fv2%2Fmedia&parent=5"}],"curies":[{"name":"wp","href":"https:\/\/api.w.org\/{rel}","templated":true}]}}